{"id":322,"date":"2025-06-10T09:46:46","date_gmt":"2025-06-10T09:46:46","guid":{"rendered":"https:\/\/trusting-bouman.217-160-68-194.plesk.page\/?page_id=322"},"modified":"2025-10-21T12:33:54","modified_gmt":"2025-10-21T12:33:54","slug":"cabinet-comptabilite-expertise-comptable","status":"publish","type":"page","link":"https:\/\/e-clid.io\/index.php\/cabinet-comptabilite-expertise-comptable\/","title":{"rendered":"Cabinet Comptabilit\u00e9 &#038; Expertise-Comptable"},"content":{"rendered":"\n<div class=\"wp-block-group alignfull is-banner-pour-qui-container has-global-padding is-layout-constrained wp-block-group-is-layout-constrained\">\n<div class=\"wp-block-columns alignwide are-vertically-aligned-center has-gap-xxl is-banner-pour-qui-columns is-layout-flex wp-container-core-columns-is-layout-28f84493 wp-block-columns-is-layout-flex\">\n<div class=\"wp-block-column is-vertically-aligned-center is-flex-container is-flex-column has-gap-full is-layout-flow wp-block-column-is-layout-flow\" style=\"flex-basis:50%\">\n<h2 class=\"wp-block-heading is-title-1 has-margin-right-m\">Cabinet Comptabilit\u00e9 &amp; <span class=\"is-text-gradient\">Expertise-Comptable<\/span><\/h2>\n\n\n\n<p>Avec E-Clid, supervisez, acc\u00e9l\u00e9rez et fiabilisez vos processus tout en d\u00e9couvrant de nouveaux services et dossiers pour vos clients.<\/p>\n\n\n\n<div class=\"wp-block-buttons has-margin-none is-layout-flex wp-block-buttons-is-layout-flex\">\n<div class=\"wp-block-button is-style-outline has-margin-right-base is-style-outline--1\"><a class=\"wp-block-button__link wp-element-button\" href=\"https:\/\/e-clid.io\/index.php\/fonctionnalites\/\">D\u00e9couvrir l&rsquo;application<\/a><\/div>\n\n\n\n<div class=\"wp-block-button is-style-gradient\"><a class=\"wp-block-button__link wp-element-button\" href=\"https:\/\/cal.com\/e-clid\" target=\"_blank\" rel=\"noreferrer noopener\">Demander un DEMO<\/a><\/div>\n<\/div>\n<\/div>\n\n\n\n<div class=\"wp-block-column is-vertically-aligned-center is-layout-flow wp-block-column-is-layout-flow\" style=\"flex-basis:50%\">\n<figure class=\"wp-block-image aligncenter size-full has-custom-border has-shadow-right-theme\"><img loading=\"lazy\" decoding=\"async\" width=\"678\" height=\"600\" src=\"https:\/\/e-clid.io\/wp-content\/uploads\/2025\/05\/Personne-5.png\" alt=\"\" class=\"wp-image-13\" style=\"border-radius:20px\" srcset=\"https:\/\/e-clid.io\/wp-content\/uploads\/2025\/05\/Personne-5.png 678w, https:\/\/e-clid.io\/wp-content\/uploads\/2025\/05\/Personne-5-300x265.png 300w\" sizes=\"auto, (max-width: 678px) 100vw, 678px\" \/><\/figure>\n<\/div>\n<\/div>\n<\/div>\n\n\n\n<div style=\"height:100px\" aria-hidden=\"true\" class=\"wp-block-spacer is-style-spacer-l\"><\/div>\n\n\n\n<div class=\"wp-block-group alignfull advanced-dropdown-section has-global-padding is-layout-constrained wp-block-group-is-layout-constrained\">\n<h2 class=\"wp-block-heading has-text-align-center is-title-1\">Des <span class=\"is-text-gradient\">fonctionnalit\u00e9s adapt\u00e9es<\/span> \u00e0 vos besoins de cabinet d&rsquo;expertise comptable.<\/h2>\n\n\n\n<div class=\"wp-block-columns alignwide advanced-dropdown-container has-gap-full has-margin-top-full is-layout-flex wp-container-core-columns-is-layout-28f84493 wp-block-columns-is-layout-flex\">\n<div class=\"wp-block-column dropdown-image-column is-layout-flow wp-block-column-is-layout-flow\">\n<div class=\"wp-block-group dropdown-image-wrapper is-layout-flow wp-block-group-is-layout-flow\">\n<figure class=\"wp-block-image size-full size-large dropdown-image dropdown-image-1 is-active has-margin-none\"><img loading=\"lazy\" decoding=\"async\" width=\"678\" height=\"600\" src=\"https:\/\/e-clid.io\/wp-content\/uploads\/2025\/05\/Personne-1.png\" alt=\"\" class=\"wp-image-12\" srcset=\"https:\/\/e-clid.io\/wp-content\/uploads\/2025\/05\/Personne-1.png 678w, https:\/\/e-clid.io\/wp-content\/uploads\/2025\/05\/Personne-1-300x265.png 300w\" sizes=\"auto, (max-width: 678px) 100vw, 678px\" \/><\/figure>\n<\/div>\n<\/div>\n\n\n\n<div class=\"wp-block-column dropdown-content-column is-layout-flow wp-block-column-is-layout-flow\">\n<div class=\"wp-block-group dropdown-component dropdown-1 is-open has-margin-none has-padding-x-none has-padding-y has-padding-y-top-none is-layout-flow wp-block-group-is-layout-flow\">\n<div class=\"wp-block-group dropdown-header has-padding-none is-layout-flow wp-block-group-is-layout-flow\">\n<h3 class=\"wp-block-heading is-title-2\">Acc\u00e9l\u00e9rer et fiabiliser la production de donn\u00e9es financi\u00e8res en cours d\u2019exercice<\/h3>\n\n\n\n<div class=\"wp-block-group dropdown-toggle is-layout-flow wp-block-group-is-layout-flow\">\n<figure class=\"wp-block-image size-full is-resized\"><img decoding=\"async\" src=\"https:\/\/e-clid.io\/wp-content\/uploads\/2025\/05\/Icone-fleche-vers-le-bas.svg\" alt=\"Fl\u00e8che dropdown\"\/><\/figure>\n<\/div>\n<\/div>\n\n\n\n<div class=\"wp-block-group dropdown-content has-padding-none has-margin-top-base is-layout-flow wp-block-group-is-layout-flow\">\n<p class=\"dropdown-description\">L\u2019automatisation apport\u00e9e par E-Clid permet de structurer les donn\u00e9es comptables et d\u2019obtenir des analyses fiables en temps r\u00e9el, r\u00e9duisant ainsi les erreurs et le temps de traitement.<\/p>\n<\/div>\n<\/div>\n\n\n\n<div class=\"wp-block-group dropdown-component dropdown-1 is-open has-margin-none has-padding-x-none has-padding-y is-layout-flow wp-block-group-is-layout-flow\">\n<div class=\"wp-block-group dropdown-header has-padding-none is-layout-flow wp-block-group-is-layout-flow\">\n<h3 class=\"wp-block-heading is-title-2\">Superviser les dossiers comptables<\/h3>\n\n\n\n<div class=\"wp-block-group dropdown-toggle is-layout-flow wp-block-group-is-layout-flow\">\n<figure class=\"wp-block-image size-full is-resized\"><img decoding=\"async\" src=\"https:\/\/e-clid.io\/wp-content\/uploads\/2025\/05\/Icone-fleche-vers-le-bas.svg\" alt=\"Fl\u00e8che dropdown\"\/><\/figure>\n<\/div>\n<\/div>\n\n\n\n<div class=\"wp-block-group dropdown-content has-padding-none has-margin-top-base is-layout-flow wp-block-group-is-layout-flow\">\n<p class=\"dropdown-description\">La centralisation des donn\u00e9es, la mise en place de contr\u00f4les automatiques et la tra\u00e7abilit\u00e9 des corrections fiabilisent et acc\u00e9l\u00e8rent la gestion et la supervision des dossiers.<\/p>\n<\/div>\n<\/div>\n\n\n\n<div class=\"wp-block-group dropdown-component dropdown-1 is-open has-margin-none has-padding-x-none has-padding-y is-layout-flow wp-block-group-is-layout-flow\">\n<div class=\"wp-block-group dropdown-header has-padding-none is-layout-flow wp-block-group-is-layout-flow\">\n<h3 class=\"wp-block-heading is-title-2\">Automatiser les due diligences<\/h3>\n\n\n\n<div class=\"wp-block-group dropdown-toggle is-layout-flow wp-block-group-is-layout-flow\">\n<figure class=\"wp-block-image size-full is-resized\"><img decoding=\"async\" src=\"https:\/\/e-clid.io\/wp-content\/uploads\/2025\/05\/Icone-fleche-vers-le-bas.svg\" alt=\"Fl\u00e8che dropdown\"\/><\/figure>\n<\/div>\n<\/div>\n\n\n\n<div class=\"wp-block-group dropdown-content has-padding-none has-margin-top-base is-layout-flow wp-block-group-is-layout-flow\">\n<p class=\"dropdown-description\">Pr\u00e9vues dans des dossiers transactionnels<\/p>\n<\/div>\n<\/div>\n\n\n\n<div class=\"wp-block-group dropdown-component dropdown-1 is-open has-margin-none has-padding-x-none has-padding-y is-layout-flow wp-block-group-is-layout-flow\">\n<div class=\"wp-block-group dropdown-header has-padding-none is-layout-flow wp-block-group-is-layout-flow\">\n<h3 class=\"wp-block-heading is-title-2\">Passer moins de temps \u00e0 la production, plus de temps \u00e0 l\u2019analyse<\/h3>\n\n\n\n<div class=\"wp-block-group dropdown-toggle is-layout-flow wp-block-group-is-layout-flow\">\n<figure class=\"wp-block-image size-full is-resized\"><img decoding=\"async\" src=\"https:\/\/e-clid.io\/wp-content\/uploads\/2025\/05\/Icone-fleche-vers-le-bas.svg\" alt=\"Fl\u00e8che dropdown\"\/><\/figure>\n<\/div>\n<\/div>\n\n\n\n<div class=\"wp-block-group dropdown-content has-padding-none has-margin-top-base is-layout-flow wp-block-group-is-layout-flow\">\n<p class=\"dropdown-description\">En r\u00e9duisant le temps pass\u00e9 sur la collecte et la v\u00e9rification des donn\u00e9es, vous pouvez vous concentrer davantage sur les analyses financi\u00e8res et l\u2019accompagnement strat\u00e9gique des clients.<\/p>\n<\/div>\n<\/div>\n\n\n\n<div class=\"wp-block-group dropdown-component dropdown-1 is-open has-margin-none has-padding-x-none has-padding-y is-layout-flow wp-block-group-is-layout-flow\">\n<div class=\"wp-block-group dropdown-header has-padding-none is-layout-flow wp-block-group-is-layout-flow\">\n<h3 class=\"wp-block-heading is-title-2\">Gagner en s\u00e9r\u00e9nit\u00e9 lors de la pr\u00e9sentation des chiffres<\/h3>\n\n\n\n<div class=\"wp-block-group dropdown-toggle is-layout-flow wp-block-group-is-layout-flow\">\n<figure class=\"wp-block-image size-full is-resized\"><img decoding=\"async\" src=\"https:\/\/e-clid.io\/wp-content\/uploads\/2025\/05\/Icone-fleche-vers-le-bas.svg\" alt=\"Fl\u00e8che dropdown\"\/><\/figure>\n<\/div>\n<\/div>\n\n\n\n<div class=\"wp-block-group dropdown-content has-padding-none has-margin-top-base is-layout-flow wp-block-group-is-layout-flow\">\n<p class=\"dropdown-description\">L\u2019assurance de disposer de donn\u00e9es justes et coh\u00e9rentes tout au long de l\u2019ann\u00e9e permet de s\u00e9curiser les \u00e9changes avec les clients et les instances de contr\u00f4le.<\/p>\n<\/div>\n<\/div>\n\n\n\n<div class=\"wp-block-group dropdown-component dropdown-1 is-open has-margin-none has-padding-x-none has-padding-y is-layout-flow wp-block-group-is-layout-flow\">\n<div class=\"wp-block-group dropdown-header has-padding-none is-layout-flow wp-block-group-is-layout-flow\">\n<h3 class=\"wp-block-heading is-title-2\">Proposer des services compl\u00e9mentaires \u00e0 leurs clients<\/h3>\n\n\n\n<div class=\"wp-block-group dropdown-toggle is-layout-flow wp-block-group-is-layout-flow\">\n<figure class=\"wp-block-image size-full is-resized\"><img decoding=\"async\" src=\"https:\/\/e-clid.io\/wp-content\/uploads\/2025\/05\/Icone-fleche-vers-le-bas.svg\" alt=\"Fl\u00e8che dropdown\"\/><\/figure>\n<\/div>\n<\/div>\n\n\n\n<div class=\"wp-block-group dropdown-content has-padding-none has-margin-top-base is-layout-flow wp-block-group-is-layout-flow\">\n<p class=\"dropdown-description\">L\u2019int\u00e9gration d\u2019analyses financi\u00e8res avanc\u00e9es et de nouveaux indicateurs permet d\u2019enrichir l\u2019offre de services (tableaux de bord, projections financi\u00e8res, recommandations strat\u00e9giques).<\/p>\n<\/div>\n<\/div>\n\n\n\n<div class=\"wp-block-group dropdown-component dropdown-1 is-open has-margin-none has-padding-x-none has-padding-y is-layout-flow wp-block-group-is-layout-flow\">\n<div class=\"wp-block-group dropdown-header has-padding-none is-layout-flow wp-block-group-is-layout-flow\">\n<h3 class=\"wp-block-heading is-title-2\">Acc\u00e9l\u00e9rer la d\u00e9couverte de nouveaux dossiers<\/h3>\n\n\n\n<div class=\"wp-block-group dropdown-toggle is-layout-flow wp-block-group-is-layout-flow\">\n<figure class=\"wp-block-image size-full is-resized\"><img decoding=\"async\" src=\"https:\/\/e-clid.io\/wp-content\/uploads\/2025\/05\/Icone-fleche-vers-le-bas.svg\" alt=\"Fl\u00e8che dropdown\"\/><\/figure>\n<\/div>\n<\/div>\n\n\n\n<div class=\"wp-block-group dropdown-content has-padding-none has-margin-top-base is-layout-flow wp-block-group-is-layout-flow\">\n<p class=\"dropdown-description\">L\u2019int\u00e9gration des donn\u00e9es comptables d\u2019un nouveau client permet de d\u00e9couvrir la qualit\u00e9 de la tenue et \u00e9tablir un \u00e9ventuel plan d\u2019action<\/p>\n<\/div>\n<\/div>\n\n\n\n<div class=\"wp-block-group dropdown-component dropdown-1 is-open has-margin-none has-padding-x-none has-padding-y is-layout-flow wp-block-group-is-layout-flow\">\n<div class=\"wp-block-group dropdown-header has-padding-none is-layout-flow wp-block-group-is-layout-flow\">\n<h3 class=\"wp-block-heading is-title-2\">Optimiser la collaboration interne et avec les clients<\/h3>\n\n\n\n<div class=\"wp-block-group dropdown-toggle is-layout-flow wp-block-group-is-layout-flow\">\n<figure class=\"wp-block-image size-full is-resized\"><img decoding=\"async\" src=\"https:\/\/e-clid.io\/wp-content\/uploads\/2025\/05\/Icone-fleche-vers-le-bas.svg\" alt=\"Fl\u00e8che dropdown\"\/><\/figure>\n<\/div>\n<\/div>\n\n\n\n<div class=\"wp-block-group dropdown-content has-padding-none has-margin-top-base is-layout-flow wp-block-group-is-layout-flow\">\n<p class=\"dropdown-description\"><strong>E-clid<\/strong> facilite la communication et la collaboration entre les \u00e9quipes financi\u00e8res internes et les parties prenantes externes, en particulier les clients des cabinets d\u2019expertise comptable. Les alertes g\u00e9n\u00e9r\u00e9es par <strong>E-clid<\/strong> sont claires, d\u00e9taill\u00e9es et compr\u00e9hensibles, ce qui simplifie le questionnement et la collecte d\u2019informations<\/p>\n<\/div>\n<\/div>\n\n\n\n<div class=\"wp-block-button is-style-fill is-dropdown-button\"><a class=\"wp-block-button__link wp-element-button\" href=\"https:\/\/cal.com\/e-clid\" target=\"_blank\" rel=\"noreferrer noopener\">Prendre rendez-vous<img decoding=\"async\" src=\"https:\/\/e-clid.io\/wp-content\/uploads\/2025\/05\/Icone-fleche-droite.svg\" alt=\"Fl\u00e8che dropdown\"><\/a><\/div>\n<\/div>\n<\/div>\n<\/div>\n\n\n\n<p><\/p>\n","protected":false},"excerpt":{"rendered":"<p>Cabinet Comptabilit\u00e9 &amp; Expertise-Comptable Avec E-Clid, supervisez, acc\u00e9l\u00e9rez et fiabilisez vos processus tout en d\u00e9couvrant de nouveaux services et dossiers pour vos clients. Des fonctionnalit\u00e9s adapt\u00e9es \u00e0 vos besoins de cabinet d&rsquo;expertise comptable. Acc\u00e9l\u00e9rer et fiabiliser la production de donn\u00e9es financi\u00e8res en cours d\u2019exercice L\u2019automatisation apport\u00e9e par E-Clid permet de structurer les donn\u00e9es comptables et [&hellip;]<\/p>\n","protected":false},"author":1,"featured_media":0,"parent":0,"menu_order":0,"comment_status":"closed","ping_status":"closed","template":"","meta":{"inline_featured_image":false,"footnotes":""},"folder":[],"class_list":["post-322","page","type-page","status-publish","hentry"],"yoast_head":"<!-- This site is optimized with the Yoast SEO plugin v27.5 - https:\/\/yoast.com\/product\/yoast-seo-wordpress\/ -->\n<title>Cabinet Comptabilit\u00e9 &amp; Expertise-Comptable | E-Clid<\/title>\n<meta name=\"description\" content=\"Avec E-Clid, supervisez, acc\u00e9l\u00e9rez et fiabilisez vos processus tout en d\u00e9couvrant de nouveaux services et dossiers pour vos clients.\" \/>\n<meta name=\"robots\" content=\"index, follow, max-snippet:-1, max-image-preview:large, max-video-preview:-1\" \/>\n<link rel=\"canonical\" href=\"https:\/\/e-clid.io\/index.php\/cabinet-comptabilite-expertise-comptable\/\" \/>\n<meta property=\"og:locale\" content=\"fr_FR\" \/>\n<meta property=\"og:type\" content=\"article\" \/>\n<meta property=\"og:title\" content=\"Cabinet Comptabilit\u00e9 &amp; Expertise-Comptable | E-Clid\" \/>\n<meta property=\"og:description\" content=\"Avec E-Clid, supervisez, acc\u00e9l\u00e9rez et fiabilisez vos processus tout en d\u00e9couvrant de nouveaux services et dossiers pour vos clients.\" \/>\n<meta property=\"og:url\" content=\"https:\/\/e-clid.io\/index.php\/cabinet-comptabilite-expertise-comptable\/\" \/>\n<meta property=\"og:site_name\" content=\"E-Clid\" \/>\n<meta property=\"article:modified_time\" content=\"2025-10-21T12:33:54+00:00\" \/>\n<meta property=\"og:image\" content=\"https:\/\/e-clid.io\/wp-content\/uploads\/2025\/05\/Personne-5.png\" \/>\n\t<meta property=\"og:image:width\" content=\"678\" \/>\n\t<meta property=\"og:image:height\" content=\"600\" \/>\n\t<meta property=\"og:image:type\" content=\"image\/png\" \/>\n<meta name=\"twitter:card\" content=\"summary_large_image\" \/>\n<meta name=\"twitter:label1\" content=\"Dur\u00e9e de lecture estim\u00e9e\" \/>\n\t<meta name=\"twitter:data1\" content=\"4 minutes\" \/>\n<script type=\"application\/ld+json\" class=\"yoast-schema-graph\">{\"@context\":\"https:\\\/\\\/schema.org\",\"@graph\":[{\"@type\":\"WebPage\",\"@id\":\"https:\\\/\\\/e-clid.io\\\/index.php\\\/cabinet-comptabilite-expertise-comptable\\\/\",\"url\":\"https:\\\/\\\/e-clid.io\\\/index.php\\\/cabinet-comptabilite-expertise-comptable\\\/\",\"name\":\"Cabinet Comptabilit\u00e9 & Expertise-Comptable | E-Clid\",\"isPartOf\":{\"@id\":\"https:\\\/\\\/e-clid.io\\\/#website\"},\"primaryImageOfPage\":{\"@id\":\"https:\\\/\\\/e-clid.io\\\/index.php\\\/cabinet-comptabilite-expertise-comptable\\\/#primaryimage\"},\"image\":{\"@id\":\"https:\\\/\\\/e-clid.io\\\/index.php\\\/cabinet-comptabilite-expertise-comptable\\\/#primaryimage\"},\"thumbnailUrl\":\"https:\\\/\\\/e-clid.io\\\/wp-content\\\/uploads\\\/2025\\\/05\\\/Personne-5.png\",\"datePublished\":\"2025-06-10T09:46:46+00:00\",\"dateModified\":\"2025-10-21T12:33:54+00:00\",\"description\":\"Avec E-Clid, supervisez, acc\u00e9l\u00e9rez et fiabilisez vos processus tout en d\u00e9couvrant de nouveaux services et dossiers pour vos clients.\",\"breadcrumb\":{\"@id\":\"https:\\\/\\\/e-clid.io\\\/index.php\\\/cabinet-comptabilite-expertise-comptable\\\/#breadcrumb\"},\"inLanguage\":\"fr-FR\",\"potentialAction\":[{\"@type\":\"ReadAction\",\"target\":[\"https:\\\/\\\/e-clid.io\\\/index.php\\\/cabinet-comptabilite-expertise-comptable\\\/\"]}]},{\"@type\":\"ImageObject\",\"inLanguage\":\"fr-FR\",\"@id\":\"https:\\\/\\\/e-clid.io\\\/index.php\\\/cabinet-comptabilite-expertise-comptable\\\/#primaryimage\",\"url\":\"https:\\\/\\\/e-clid.io\\\/wp-content\\\/uploads\\\/2025\\\/05\\\/Personne-5.png\",\"contentUrl\":\"https:\\\/\\\/e-clid.io\\\/wp-content\\\/uploads\\\/2025\\\/05\\\/Personne-5.png\",\"width\":678,\"height\":600},{\"@type\":\"BreadcrumbList\",\"@id\":\"https:\\\/\\\/e-clid.io\\\/index.php\\\/cabinet-comptabilite-expertise-comptable\\\/#breadcrumb\",\"itemListElement\":[{\"@type\":\"ListItem\",\"position\":1,\"name\":\"Accueil\",\"item\":\"https:\\\/\\\/e-clid.io\\\/\"},{\"@type\":\"ListItem\",\"position\":2,\"name\":\"Cabinet Comptabilit\u00e9 &#038; Expertise-Comptable\"}]},{\"@type\":\"WebSite\",\"@id\":\"https:\\\/\\\/e-clid.io\\\/#website\",\"url\":\"https:\\\/\\\/e-clid.io\\\/\",\"name\":\"E-Clid\",\"description\":\"L\u2019automatisation des contr\u00f4les des donn\u00e9es comptables au sein d\u2019un m\u00eame logiciel.\",\"alternateName\":\"E-Clid, Acc\u00e9l\u00e9rateur de cl\u00f4ture !\",\"potentialAction\":[{\"@type\":\"SearchAction\",\"target\":{\"@type\":\"EntryPoint\",\"urlTemplate\":\"https:\\\/\\\/e-clid.io\\\/?s={search_term_string}\"},\"query-input\":{\"@type\":\"PropertyValueSpecification\",\"valueRequired\":true,\"valueName\":\"search_term_string\"}}],\"inLanguage\":\"fr-FR\"}]}<\/script>\n<!-- \/ Yoast SEO plugin. -->","yoast_head_json":{"title":"Cabinet Comptabilit\u00e9 & Expertise-Comptable | E-Clid","description":"Avec E-Clid, supervisez, acc\u00e9l\u00e9rez et fiabilisez vos processus tout en d\u00e9couvrant de nouveaux services et dossiers pour vos clients.","robots":{"index":"index","follow":"follow","max-snippet":"max-snippet:-1","max-image-preview":"max-image-preview:large","max-video-preview":"max-video-preview:-1"},"canonical":"https:\/\/e-clid.io\/index.php\/cabinet-comptabilite-expertise-comptable\/","og_locale":"fr_FR","og_type":"article","og_title":"Cabinet Comptabilit\u00e9 & Expertise-Comptable | E-Clid","og_description":"Avec E-Clid, supervisez, acc\u00e9l\u00e9rez et fiabilisez vos processus tout en d\u00e9couvrant de nouveaux services et dossiers pour vos clients.","og_url":"https:\/\/e-clid.io\/index.php\/cabinet-comptabilite-expertise-comptable\/","og_site_name":"E-Clid","article_modified_time":"2025-10-21T12:33:54+00:00","og_image":[{"width":678,"height":600,"url":"https:\/\/e-clid.io\/wp-content\/uploads\/2025\/05\/Personne-5.png","type":"image\/png"}],"twitter_card":"summary_large_image","twitter_misc":{"Dur\u00e9e de lecture estim\u00e9e":"4 minutes"},"schema":{"@context":"https:\/\/schema.org","@graph":[{"@type":"WebPage","@id":"https:\/\/e-clid.io\/index.php\/cabinet-comptabilite-expertise-comptable\/","url":"https:\/\/e-clid.io\/index.php\/cabinet-comptabilite-expertise-comptable\/","name":"Cabinet Comptabilit\u00e9 & Expertise-Comptable | E-Clid","isPartOf":{"@id":"https:\/\/e-clid.io\/#website"},"primaryImageOfPage":{"@id":"https:\/\/e-clid.io\/index.php\/cabinet-comptabilite-expertise-comptable\/#primaryimage"},"image":{"@id":"https:\/\/e-clid.io\/index.php\/cabinet-comptabilite-expertise-comptable\/#primaryimage"},"thumbnailUrl":"https:\/\/e-clid.io\/wp-content\/uploads\/2025\/05\/Personne-5.png","datePublished":"2025-06-10T09:46:46+00:00","dateModified":"2025-10-21T12:33:54+00:00","description":"Avec E-Clid, supervisez, acc\u00e9l\u00e9rez et fiabilisez vos processus tout en d\u00e9couvrant de nouveaux services et dossiers pour vos clients.","breadcrumb":{"@id":"https:\/\/e-clid.io\/index.php\/cabinet-comptabilite-expertise-comptable\/#breadcrumb"},"inLanguage":"fr-FR","potentialAction":[{"@type":"ReadAction","target":["https:\/\/e-clid.io\/index.php\/cabinet-comptabilite-expertise-comptable\/"]}]},{"@type":"ImageObject","inLanguage":"fr-FR","@id":"https:\/\/e-clid.io\/index.php\/cabinet-comptabilite-expertise-comptable\/#primaryimage","url":"https:\/\/e-clid.io\/wp-content\/uploads\/2025\/05\/Personne-5.png","contentUrl":"https:\/\/e-clid.io\/wp-content\/uploads\/2025\/05\/Personne-5.png","width":678,"height":600},{"@type":"BreadcrumbList","@id":"https:\/\/e-clid.io\/index.php\/cabinet-comptabilite-expertise-comptable\/#breadcrumb","itemListElement":[{"@type":"ListItem","position":1,"name":"Accueil","item":"https:\/\/e-clid.io\/"},{"@type":"ListItem","position":2,"name":"Cabinet Comptabilit\u00e9 &#038; Expertise-Comptable"}]},{"@type":"WebSite","@id":"https:\/\/e-clid.io\/#website","url":"https:\/\/e-clid.io\/","name":"E-Clid","description":"L\u2019automatisation des contr\u00f4les des donn\u00e9es comptables au sein d\u2019un m\u00eame logiciel.","alternateName":"E-Clid, Acc\u00e9l\u00e9rateur de cl\u00f4ture !","potentialAction":[{"@type":"SearchAction","target":{"@type":"EntryPoint","urlTemplate":"https:\/\/e-clid.io\/?s={search_term_string}"},"query-input":{"@type":"PropertyValueSpecification","valueRequired":true,"valueName":"search_term_string"}}],"inLanguage":"fr-FR"}]}},"_links":{"self":[{"href":"https:\/\/e-clid.io\/index.php\/wp-json\/wp\/v2\/pages\/322","targetHints":{"allow":["GET"]}}],"collection":[{"href":"https:\/\/e-clid.io\/index.php\/wp-json\/wp\/v2\/pages"}],"about":[{"href":"https:\/\/e-clid.io\/index.php\/wp-json\/wp\/v2\/types\/page"}],"author":[{"embeddable":true,"href":"https:\/\/e-clid.io\/index.php\/wp-json\/wp\/v2\/users\/1"}],"replies":[{"embeddable":true,"href":"https:\/\/e-clid.io\/index.php\/wp-json\/wp\/v2\/comments?post=322"}],"version-history":[{"count":16,"href":"https:\/\/e-clid.io\/index.php\/wp-json\/wp\/v2\/pages\/322\/revisions"}],"predecessor-version":[{"id":816,"href":"https:\/\/e-clid.io\/index.php\/wp-json\/wp\/v2\/pages\/322\/revisions\/816"}],"wp:attachment":[{"href":"https:\/\/e-clid.io\/index.php\/wp-json\/wp\/v2\/media?parent=322"}],"wp:term":[{"taxonomy":"folder","embeddable":true,"href":"https:\/\/e-clid.io\/index.php\/wp-json\/wp\/v2\/folder?post=322"}],"curies":[{"name":"wp","href":"https:\/\/api.w.org\/{rel}","templated":true}]}}