{"id":343,"date":"2025-06-10T10:13:28","date_gmt":"2025-06-10T10:13:28","guid":{"rendered":"https:\/\/trusting-bouman.217-160-68-194.plesk.page\/?page_id=343"},"modified":"2025-07-09T13:32:33","modified_gmt":"2025-07-09T13:32:33","slug":"acteur-de-la-m-a","status":"publish","type":"page","link":"https:\/\/e-clid.io\/index.php\/acteur-de-la-m-a\/","title":{"rendered":"Acteur de la M&#038;A"},"content":{"rendered":"\n<div class=\"wp-block-group alignfull is-banner-pour-qui-container has-global-padding is-layout-constrained wp-block-group-is-layout-constrained\">\n<div class=\"wp-block-columns alignwide are-vertically-aligned-center has-gap-xxl is-banner-pour-qui-columns is-layout-flex wp-container-core-columns-is-layout-28f84493 wp-block-columns-is-layout-flex\">\n<div class=\"wp-block-column is-vertically-aligned-center is-flex-container is-flex-column has-gap-full is-layout-flow wp-block-column-is-layout-flow\" style=\"flex-basis:50%\">\n<h2 class=\"wp-block-heading is-title-1 has-margin-right-m\">Cabinet de <span class=\"is-text-gradient\">M&amp;A<\/span><\/h2>\n\n\n\n<p>Simplifiez vos due diligences et la prise de connaissance des dossiers gr\u00e2ce \u00e0 E-Clid pour des transactions s\u00e9curis\u00e9es et inform\u00e9es.<\/p>\n\n\n\n<div class=\"wp-block-buttons has-margin-none is-layout-flex wp-block-buttons-is-layout-flex\">\n<div class=\"wp-block-button is-style-outline has-margin-right-base is-style-outline--1\"><a class=\"wp-block-button__link wp-element-button\" href=\"https:\/\/e-clid.io\/index.php\/fonctionnalites\/\">D\u00e9couvrir l&rsquo;application<\/a><\/div>\n\n\n\n<div class=\"wp-block-button is-style-gradient\"><a class=\"wp-block-button__link wp-element-button\" href=\"https:\/\/cal.com\/e-clid\" target=\"_blank\" rel=\"noreferrer noopener\">Demander un DEMO<\/a><\/div>\n<\/div>\n<\/div>\n\n\n\n<div class=\"wp-block-column is-vertically-aligned-center is-layout-flow wp-block-column-is-layout-flow\" style=\"flex-basis:50%\">\n<figure class=\"wp-block-image aligncenter size-large has-custom-border has-shadow-right-theme\"><img loading=\"lazy\" decoding=\"async\" width=\"1024\" height=\"683\" src=\"https:\/\/e-clid.io\/wp-content\/uploads\/2025\/06\/\u00a9shutterstock_Eclid-cabinetMA-72dpi-1024x683.jpg\" alt=\"\" class=\"wp-image-443\" style=\"border-radius:20px\" srcset=\"https:\/\/e-clid.io\/wp-content\/uploads\/2025\/06\/\u00a9shutterstock_Eclid-cabinetMA-72dpi-1024x683.jpg 1024w, https:\/\/e-clid.io\/wp-content\/uploads\/2025\/06\/\u00a9shutterstock_Eclid-cabinetMA-72dpi-300x200.jpg 300w, https:\/\/e-clid.io\/wp-content\/uploads\/2025\/06\/\u00a9shutterstock_Eclid-cabinetMA-72dpi-768x512.jpg 768w, https:\/\/e-clid.io\/wp-content\/uploads\/2025\/06\/\u00a9shutterstock_Eclid-cabinetMA-72dpi-1536x1025.jpg 1536w, https:\/\/e-clid.io\/wp-content\/uploads\/2025\/06\/\u00a9shutterstock_Eclid-cabinetMA-72dpi.jpg 1920w\" sizes=\"auto, (max-width: 1024px) 100vw, 1024px\" \/><\/figure>\n<\/div>\n<\/div>\n<\/div>\n\n\n\n<div style=\"height:100px\" aria-hidden=\"true\" class=\"wp-block-spacer is-style-spacer-l\"><\/div>\n\n\n\n<div class=\"wp-block-group alignfull advanced-dropdown-section has-global-padding is-layout-constrained wp-block-group-is-layout-constrained\">\n<h2 class=\"wp-block-heading has-text-align-center is-title-1\">Des <span class=\"is-text-gradient\">fonctionnalit\u00e9s adapt\u00e9es <\/span> adapt\u00e9es \u00e0 vos besoins de cabinet de M&amp;A.<\/h2>\n\n\n\n<div class=\"wp-block-columns alignwide advanced-dropdown-container has-gap-full has-margin-top-full is-layout-flex wp-container-core-columns-is-layout-28f84493 wp-block-columns-is-layout-flex\">\n<div class=\"wp-block-column dropdown-image-column is-layout-flow wp-block-column-is-layout-flow\">\n<div class=\"wp-block-group dropdown-image-wrapper is-layout-flow wp-block-group-is-layout-flow\">\n<figure class=\"wp-block-image size-full size-large dropdown-image dropdown-image-1 is-active has-margin-none\"><img loading=\"lazy\" decoding=\"async\" width=\"678\" height=\"600\" src=\"https:\/\/e-clid.io\/wp-content\/uploads\/2025\/05\/Personne-1.png\" alt=\"\" class=\"wp-image-12\" srcset=\"https:\/\/e-clid.io\/wp-content\/uploads\/2025\/05\/Personne-1.png 678w, https:\/\/e-clid.io\/wp-content\/uploads\/2025\/05\/Personne-1-300x265.png 300w\" sizes=\"auto, (max-width: 678px) 100vw, 678px\" \/><\/figure>\n<\/div>\n<\/div>\n\n\n\n<div class=\"wp-block-column dropdown-content-column is-layout-flow wp-block-column-is-layout-flow\">\n<div class=\"wp-block-group dropdown-component dropdown-1 is-open has-margin-none has-padding-x-none has-padding-y has-padding-y-top-none is-layout-flow wp-block-group-is-layout-flow\">\n<div class=\"wp-block-group dropdown-header has-padding-none is-layout-flow wp-block-group-is-layout-flow\">\n<h3 class=\"wp-block-heading is-title-2\">V\u00e9rification de la coh\u00e9rence des \u00e9tats financiers<\/h3>\n\n\n\n<div class=\"wp-block-group dropdown-toggle is-layout-flow wp-block-group-is-layout-flow\">\n<figure class=\"wp-block-image size-full is-resized\"><img decoding=\"async\" src=\"https:\/\/e-clid.io\/wp-content\/uploads\/2025\/05\/Icone-fleche-vers-le-bas.svg\" alt=\"Fl\u00e8che dropdown\"\/><\/figure>\n<\/div>\n<\/div>\n\n\n\n<div class=\"wp-block-group dropdown-content has-padding-none has-margin-top-base is-layout-flow wp-block-group-is-layout-flow\">\n<p class=\"dropdown-description\">Les cabinets de M&amp;A doivent examiner les \u00e9tats financiers de l&rsquo;entreprise cible pour s&rsquo;assurer de leur fiabilit\u00e9 et conformit\u00e9. <strong>E-clid<\/strong> offre une v\u00e9rification de la coh\u00e9rence des marges et des \u00e9critures comptables. Cette capacit\u00e9 permet de s&rsquo;assurer que les informations financi\u00e8res sont correctes et qu&rsquo;il n&rsquo;y a pas de manipulations ou d&rsquo;anomalies dans les comptes.<\/p>\n<\/div>\n<\/div>\n\n\n\n<div class=\"wp-block-group dropdown-component dropdown-1 is-open has-margin-none has-padding-x-none has-padding-y is-layout-flow wp-block-group-is-layout-flow\">\n<div class=\"wp-block-group dropdown-header has-padding-none is-layout-flow wp-block-group-is-layout-flow\">\n<h3 class=\"wp-block-heading is-title-2\">R\u00e9duction des risques de due diligence<\/h3>\n\n\n\n<div class=\"wp-block-group dropdown-toggle is-layout-flow wp-block-group-is-layout-flow\">\n<figure class=\"wp-block-image size-full is-resized\"><img decoding=\"async\" src=\"https:\/\/e-clid.io\/wp-content\/uploads\/2025\/05\/Icone-fleche-vers-le-bas.svg\" alt=\"Fl\u00e8che dropdown\"\/><\/figure>\n<\/div>\n<\/div>\n\n\n\n<div class=\"wp-block-group dropdown-content has-padding-none has-margin-top-base is-layout-flow wp-block-group-is-layout-flow\">\n<p class=\"dropdown-description\">Lors des processus de due diligence, il est crucial de v\u00e9rifier les risques et les opportunit\u00e9s associ\u00e9s \u00e0 une acquisition ou \u00e0 une fusion. <strong>E-clid<\/strong> permet d&rsquo;automatiser l&rsquo;analyse des \u00e9critures comptables et de rep\u00e9rer les incoh\u00e9rences ou anomalies, ce qui r\u00e9duit les risques d&rsquo;erreurs lors de l\u2019audit financier de l&rsquo;entreprise cible.<\/p>\n<\/div>\n<\/div>\n\n\n\n<div class=\"wp-block-group dropdown-component dropdown-1 is-open has-margin-none has-padding-x-none has-padding-y is-layout-flow wp-block-group-is-layout-flow\">\n<div class=\"wp-block-group dropdown-header has-padding-none is-layout-flow wp-block-group-is-layout-flow\">\n<h3 class=\"wp-block-heading is-title-2\">Analyse d\u00e9taill\u00e9e des flux de tr\u00e9sorerie et de la rentabilit\u00e9<\/h3>\n\n\n\n<div class=\"wp-block-group dropdown-toggle is-layout-flow wp-block-group-is-layout-flow\">\n<figure class=\"wp-block-image size-full is-resized\"><img decoding=\"async\" src=\"https:\/\/e-clid.io\/wp-content\/uploads\/2025\/05\/Icone-fleche-vers-le-bas.svg\" alt=\"Fl\u00e8che dropdown\"\/><\/figure>\n<\/div>\n<\/div>\n\n\n\n<div class=\"wp-block-group dropdown-content has-padding-none has-margin-top-base is-layout-flow wp-block-group-is-layout-flow\">\n<p class=\"dropdown-description\">Dans le cadre d&rsquo;une fusion ou d&rsquo;une acquisition, il est essentiel d&rsquo;analyser la sant\u00e9 financi\u00e8re d&rsquo;une entreprise cible. E-clid permet une analyse approfondie de l&rsquo;\u00e9volution des flux de tr\u00e9sorerie, du BFR (besoin en fonds de roulement), des investissements, des capitaux propres, et des financements, ce qui aide les conseillers en M&amp;A \u00e0 \u00e9valuer la rentabilit\u00e9 et la solvabilit\u00e9 de l&rsquo;entreprise cible.<\/p>\n<\/div>\n<\/div>\n\n\n\n<div class=\"wp-block-group dropdown-component dropdown-1 is-open has-margin-none has-padding-x-none has-padding-y is-layout-flow wp-block-group-is-layout-flow\">\n<div class=\"wp-block-group dropdown-header has-padding-none is-layout-flow wp-block-group-is-layout-flow\">\n<h3 class=\"wp-block-heading is-title-2\">Am\u00e9lioration de l&rsquo;efficacit\u00e9 du processus d&rsquo;audit<\/h3>\n\n\n\n<div class=\"wp-block-group dropdown-toggle is-layout-flow wp-block-group-is-layout-flow\">\n<figure class=\"wp-block-image size-full is-resized\"><img decoding=\"async\" src=\"https:\/\/e-clid.io\/wp-content\/uploads\/2025\/05\/Icone-fleche-vers-le-bas.svg\" alt=\"Fl\u00e8che dropdown\"\/><\/figure>\n<\/div>\n<\/div>\n\n\n\n<div class=\"wp-block-group dropdown-content has-padding-none has-margin-top-base is-layout-flow wp-block-group-is-layout-flow\">\n<p class=\"dropdown-description\">Les cabinets de M&amp;A accordent beaucoup de temps \u00e0 effectuer des audits financiers et \u00e0 v\u00e9rifier la solidit\u00e9 des comptes des entreprises cibles. L&rsquo;automatisation de l&rsquo;analyse comptable dans <strong>E-clid<\/strong> permet de gagner du temps et de rendre le processus de v\u00e9rification plus rapide et plus pr\u00e9cis.<\/p>\n<\/div>\n<\/div>\n\n\n\n<div class=\"wp-block-group dropdown-component dropdown-1 is-open has-margin-none has-padding-x-none has-padding-y is-layout-flow wp-block-group-is-layout-flow\">\n<div class=\"wp-block-group dropdown-header has-padding-none is-layout-flow wp-block-group-is-layout-flow\">\n<h3 class=\"wp-block-heading is-title-2\">Suivi post-transaction<\/h3>\n\n\n\n<div class=\"wp-block-group dropdown-toggle is-layout-flow wp-block-group-is-layout-flow\">\n<figure class=\"wp-block-image size-full is-resized\"><img decoding=\"async\" src=\"https:\/\/e-clid.io\/wp-content\/uploads\/2025\/05\/Icone-fleche-vers-le-bas.svg\" alt=\"Fl\u00e8che dropdown\"\/><\/figure>\n<\/div>\n<\/div>\n\n\n\n<div class=\"wp-block-group dropdown-content has-padding-none has-margin-top-base is-layout-flow wp-block-group-is-layout-flow\">\n<p class=\"dropdown-description\">Apr\u00e8s une fusion ou une acquisition, il est important de suivre l&rsquo;\u00e9volution financi\u00e8re de l&rsquo;entreprise concern\u00e9e. <strong>E-clid<\/strong> fournit des outils d&rsquo;analyse continue qui peuvent \u00eatre utilis\u00e9s pour surveiller les performances financi\u00e8res, d\u00e9tecter d&rsquo;\u00e9ventuels \u00e9carts par rapport aux projections et faciliter le reporting financier post-transaction.<\/p>\n<\/div>\n<\/div>\n\n\n\n<div class=\"wp-block-button is-style-fill is-dropdown-button\"><a class=\"wp-block-button__link wp-element-button\" href=\"https:\/\/cal.com\/e-clid\" target=\"_blank\" rel=\"noreferrer noopener\">Prendre rendez-vous<img decoding=\"async\" src=\"https:\/\/e-clid.io\/wp-content\/uploads\/2025\/05\/Icone-fleche-droite.svg\" alt=\"Fl\u00e8che dropdown\"><\/a><\/div>\n<\/div>\n<\/div>\n<\/div>\n","protected":false},"excerpt":{"rendered":"<p>Cabinet de M&amp;A Simplifiez vos due diligences et la prise de connaissance des dossiers gr\u00e2ce \u00e0 E-Clid pour des transactions s\u00e9curis\u00e9es et inform\u00e9es. Des fonctionnalit\u00e9s adapt\u00e9es adapt\u00e9es \u00e0 vos besoins de cabinet de M&amp;A. V\u00e9rification de la coh\u00e9rence des \u00e9tats financiers Les cabinets de M&amp;A doivent examiner les \u00e9tats financiers de l&rsquo;entreprise cible pour s&rsquo;assurer [&hellip;]<\/p>\n","protected":false},"author":1,"featured_media":0,"parent":0,"menu_order":0,"comment_status":"closed","ping_status":"closed","template":"","meta":{"inline_featured_image":false,"footnotes":""},"folder":[],"class_list":["post-343","page","type-page","status-publish","hentry"],"yoast_head":"<!-- This site is optimized with the Yoast SEO plugin v27.5 - https:\/\/yoast.com\/product\/yoast-seo-wordpress\/ -->\n<title>Cabinet et Acteur de la M&amp;A | E-Clid<\/title>\n<meta name=\"description\" content=\"Simplifiez vos due diligences et la prise de connaissance des dossiers gr\u00e2ce \u00e0 E-Clid pour des transactions s\u00e9curis\u00e9es et inform\u00e9es.\" \/>\n<meta name=\"robots\" content=\"index, follow, max-snippet:-1, max-image-preview:large, max-video-preview:-1\" \/>\n<link rel=\"canonical\" href=\"https:\/\/trusting-bouman.217-160-68-194.plesk.page\/index.php\/acteur-de-la-m-a\/\" \/>\n<meta property=\"og:locale\" content=\"fr_FR\" \/>\n<meta property=\"og:type\" content=\"article\" \/>\n<meta property=\"og:title\" content=\"Cabinet et Acteur de la M&amp;A | E-Clid\" \/>\n<meta property=\"og:description\" content=\"Simplifiez vos due diligences et la prise de connaissance des dossiers gr\u00e2ce \u00e0 E-Clid pour des transactions s\u00e9curis\u00e9es et inform\u00e9es.\" \/>\n<meta property=\"og:url\" content=\"https:\/\/trusting-bouman.217-160-68-194.plesk.page\/index.php\/acteur-de-la-m-a\/\" \/>\n<meta property=\"og:site_name\" content=\"E-Clid\" \/>\n<meta property=\"article:modified_time\" content=\"2025-07-09T13:32:33+00:00\" \/>\n<meta property=\"og:image\" content=\"https:\/\/trusting-bouman.217-160-68-194.plesk.page\/wp-content\/uploads\/2025\/05\/Personne-1.png\" \/>\n<meta name=\"twitter:card\" content=\"summary_large_image\" \/>\n<meta name=\"twitter:label1\" content=\"Dur\u00e9e de lecture estim\u00e9e\" \/>\n\t<meta name=\"twitter:data1\" content=\"4 minutes\" \/>\n<script type=\"application\/ld+json\" class=\"yoast-schema-graph\">{\"@context\":\"https:\\\/\\\/schema.org\",\"@graph\":[{\"@type\":\"WebPage\",\"@id\":\"https:\\\/\\\/trusting-bouman.217-160-68-194.plesk.page\\\/index.php\\\/acteur-de-la-m-a\\\/\",\"url\":\"https:\\\/\\\/trusting-bouman.217-160-68-194.plesk.page\\\/index.php\\\/acteur-de-la-m-a\\\/\",\"name\":\"Cabinet et Acteur de la M&A | E-Clid\",\"isPartOf\":{\"@id\":\"https:\\\/\\\/e-clid.io\\\/#website\"},\"primaryImageOfPage\":{\"@id\":\"https:\\\/\\\/trusting-bouman.217-160-68-194.plesk.page\\\/index.php\\\/acteur-de-la-m-a\\\/#primaryimage\"},\"image\":{\"@id\":\"https:\\\/\\\/trusting-bouman.217-160-68-194.plesk.page\\\/index.php\\\/acteur-de-la-m-a\\\/#primaryimage\"},\"thumbnailUrl\":\"https:\\\/\\\/e-clid.io\\\/wp-content\\\/uploads\\\/2025\\\/05\\\/Personne-1.png\",\"datePublished\":\"2025-06-10T10:13:28+00:00\",\"dateModified\":\"2025-07-09T13:32:33+00:00\",\"description\":\"Simplifiez vos due diligences et la prise de connaissance des dossiers gr\u00e2ce \u00e0 E-Clid pour des transactions s\u00e9curis\u00e9es et inform\u00e9es.\",\"breadcrumb\":{\"@id\":\"https:\\\/\\\/trusting-bouman.217-160-68-194.plesk.page\\\/index.php\\\/acteur-de-la-m-a\\\/#breadcrumb\"},\"inLanguage\":\"fr-FR\",\"potentialAction\":[{\"@type\":\"ReadAction\",\"target\":[\"https:\\\/\\\/trusting-bouman.217-160-68-194.plesk.page\\\/index.php\\\/acteur-de-la-m-a\\\/\"]}]},{\"@type\":\"ImageObject\",\"inLanguage\":\"fr-FR\",\"@id\":\"https:\\\/\\\/trusting-bouman.217-160-68-194.plesk.page\\\/index.php\\\/acteur-de-la-m-a\\\/#primaryimage\",\"url\":\"https:\\\/\\\/e-clid.io\\\/wp-content\\\/uploads\\\/2025\\\/05\\\/Personne-1.png\",\"contentUrl\":\"https:\\\/\\\/e-clid.io\\\/wp-content\\\/uploads\\\/2025\\\/05\\\/Personne-1.png\",\"width\":678,\"height\":600},{\"@type\":\"BreadcrumbList\",\"@id\":\"https:\\\/\\\/trusting-bouman.217-160-68-194.plesk.page\\\/index.php\\\/acteur-de-la-m-a\\\/#breadcrumb\",\"itemListElement\":[{\"@type\":\"ListItem\",\"position\":1,\"name\":\"Accueil\",\"item\":\"https:\\\/\\\/e-clid.io\\\/\"},{\"@type\":\"ListItem\",\"position\":2,\"name\":\"Acteur de la M&#038;A\"}]},{\"@type\":\"WebSite\",\"@id\":\"https:\\\/\\\/e-clid.io\\\/#website\",\"url\":\"https:\\\/\\\/e-clid.io\\\/\",\"name\":\"E-Clid\",\"description\":\"L\u2019automatisation des contr\u00f4les des donn\u00e9es comptables au sein d\u2019un m\u00eame logiciel.\",\"alternateName\":\"E-Clid, Acc\u00e9l\u00e9rateur de cl\u00f4ture !\",\"potentialAction\":[{\"@type\":\"SearchAction\",\"target\":{\"@type\":\"EntryPoint\",\"urlTemplate\":\"https:\\\/\\\/e-clid.io\\\/?s={search_term_string}\"},\"query-input\":{\"@type\":\"PropertyValueSpecification\",\"valueRequired\":true,\"valueName\":\"search_term_string\"}}],\"inLanguage\":\"fr-FR\"}]}<\/script>\n<!-- \/ Yoast SEO plugin. -->","yoast_head_json":{"title":"Cabinet et Acteur de la M&A | E-Clid","description":"Simplifiez vos due diligences et la prise de connaissance des dossiers gr\u00e2ce \u00e0 E-Clid pour des transactions s\u00e9curis\u00e9es et inform\u00e9es.","robots":{"index":"index","follow":"follow","max-snippet":"max-snippet:-1","max-image-preview":"max-image-preview:large","max-video-preview":"max-video-preview:-1"},"canonical":"https:\/\/trusting-bouman.217-160-68-194.plesk.page\/index.php\/acteur-de-la-m-a\/","og_locale":"fr_FR","og_type":"article","og_title":"Cabinet et Acteur de la M&A | E-Clid","og_description":"Simplifiez vos due diligences et la prise de connaissance des dossiers gr\u00e2ce \u00e0 E-Clid pour des transactions s\u00e9curis\u00e9es et inform\u00e9es.","og_url":"https:\/\/trusting-bouman.217-160-68-194.plesk.page\/index.php\/acteur-de-la-m-a\/","og_site_name":"E-Clid","article_modified_time":"2025-07-09T13:32:33+00:00","og_image":[{"url":"https:\/\/trusting-bouman.217-160-68-194.plesk.page\/wp-content\/uploads\/2025\/05\/Personne-1.png","type":"","width":"","height":""}],"twitter_card":"summary_large_image","twitter_misc":{"Dur\u00e9e de lecture estim\u00e9e":"4 minutes"},"schema":{"@context":"https:\/\/schema.org","@graph":[{"@type":"WebPage","@id":"https:\/\/trusting-bouman.217-160-68-194.plesk.page\/index.php\/acteur-de-la-m-a\/","url":"https:\/\/trusting-bouman.217-160-68-194.plesk.page\/index.php\/acteur-de-la-m-a\/","name":"Cabinet et Acteur de la M&A | E-Clid","isPartOf":{"@id":"https:\/\/e-clid.io\/#website"},"primaryImageOfPage":{"@id":"https:\/\/trusting-bouman.217-160-68-194.plesk.page\/index.php\/acteur-de-la-m-a\/#primaryimage"},"image":{"@id":"https:\/\/trusting-bouman.217-160-68-194.plesk.page\/index.php\/acteur-de-la-m-a\/#primaryimage"},"thumbnailUrl":"https:\/\/e-clid.io\/wp-content\/uploads\/2025\/05\/Personne-1.png","datePublished":"2025-06-10T10:13:28+00:00","dateModified":"2025-07-09T13:32:33+00:00","description":"Simplifiez vos due diligences et la prise de connaissance des dossiers gr\u00e2ce \u00e0 E-Clid pour des transactions s\u00e9curis\u00e9es et inform\u00e9es.","breadcrumb":{"@id":"https:\/\/trusting-bouman.217-160-68-194.plesk.page\/index.php\/acteur-de-la-m-a\/#breadcrumb"},"inLanguage":"fr-FR","potentialAction":[{"@type":"ReadAction","target":["https:\/\/trusting-bouman.217-160-68-194.plesk.page\/index.php\/acteur-de-la-m-a\/"]}]},{"@type":"ImageObject","inLanguage":"fr-FR","@id":"https:\/\/trusting-bouman.217-160-68-194.plesk.page\/index.php\/acteur-de-la-m-a\/#primaryimage","url":"https:\/\/e-clid.io\/wp-content\/uploads\/2025\/05\/Personne-1.png","contentUrl":"https:\/\/e-clid.io\/wp-content\/uploads\/2025\/05\/Personne-1.png","width":678,"height":600},{"@type":"BreadcrumbList","@id":"https:\/\/trusting-bouman.217-160-68-194.plesk.page\/index.php\/acteur-de-la-m-a\/#breadcrumb","itemListElement":[{"@type":"ListItem","position":1,"name":"Accueil","item":"https:\/\/e-clid.io\/"},{"@type":"ListItem","position":2,"name":"Acteur de la M&#038;A"}]},{"@type":"WebSite","@id":"https:\/\/e-clid.io\/#website","url":"https:\/\/e-clid.io\/","name":"E-Clid","description":"L\u2019automatisation des contr\u00f4les des donn\u00e9es comptables au sein d\u2019un m\u00eame logiciel.","alternateName":"E-Clid, Acc\u00e9l\u00e9rateur de cl\u00f4ture !","potentialAction":[{"@type":"SearchAction","target":{"@type":"EntryPoint","urlTemplate":"https:\/\/e-clid.io\/?s={search_term_string}"},"query-input":{"@type":"PropertyValueSpecification","valueRequired":true,"valueName":"search_term_string"}}],"inLanguage":"fr-FR"}]}},"_links":{"self":[{"href":"https:\/\/e-clid.io\/index.php\/wp-json\/wp\/v2\/pages\/343","targetHints":{"allow":["GET"]}}],"collection":[{"href":"https:\/\/e-clid.io\/index.php\/wp-json\/wp\/v2\/pages"}],"about":[{"href":"https:\/\/e-clid.io\/index.php\/wp-json\/wp\/v2\/types\/page"}],"author":[{"embeddable":true,"href":"https:\/\/e-clid.io\/index.php\/wp-json\/wp\/v2\/users\/1"}],"replies":[{"embeddable":true,"href":"https:\/\/e-clid.io\/index.php\/wp-json\/wp\/v2\/comments?post=343"}],"version-history":[{"count":13,"href":"https:\/\/e-clid.io\/index.php\/wp-json\/wp\/v2\/pages\/343\/revisions"}],"predecessor-version":[{"id":502,"href":"https:\/\/e-clid.io\/index.php\/wp-json\/wp\/v2\/pages\/343\/revisions\/502"}],"wp:attachment":[{"href":"https:\/\/e-clid.io\/index.php\/wp-json\/wp\/v2\/media?parent=343"}],"wp:term":[{"taxonomy":"folder","embeddable":true,"href":"https:\/\/e-clid.io\/index.php\/wp-json\/wp\/v2\/folder?post=343"}],"curies":[{"name":"wp","href":"https:\/\/api.w.org\/{rel}","templated":true}]}}