{"id":54,"date":"2025-05-21T14:03:32","date_gmt":"2025-05-21T14:03:32","guid":{"rendered":"https:\/\/trusting-bouman.217-160-68-194.plesk.page\/?page_id=54"},"modified":"2026-01-13T08:56:55","modified_gmt":"2026-01-13T08:56:55","slug":"a-propos","status":"publish","type":"page","link":"https:\/\/e-clid.io\/index.php\/a-propos\/","title":{"rendered":"L&rsquo;\u00e9quipe"},"content":{"rendered":"\n<div class=\"wp-block-group alignfull is-banner-fonctionnalite-container has-global-padding is-layout-constrained wp-block-group-is-layout-constrained\">\n<div class=\"wp-block-columns alignwide are-vertically-aligned-center has-gap-full is-banner-fonctionnalite-wrapper is-layout-flex wp-container-core-columns-is-layout-28f84493 wp-block-columns-is-layout-flex\">\n<div class=\"wp-block-group is-banner-fonctionnalite-content is-layout-flow wp-block-group-is-layout-flow\">\n<div class=\"wp-block-group is-banner-fonctionnalite-title-container is-layout-flow wp-block-group-is-layout-flow\">\n<h2 class=\"wp-block-heading has-margin-none is-title-1\">L&rsquo;\u00e9quipe <span class=\"is-text-gradient\">E-clid<\/span><\/h2>\n<\/div>\n\n\n\n<p class=\"wp-block-paragraph has-margin-none is-banner-fonctionnalite-description\">Nous sommes des professionnels du chiffre cumulant 60 ann\u00e9es d\u2019exp\u00e9rience. Nous avons imagin\u00e9 et cr\u00e9\u00e9 E-Clid en nous appuyant sur nos exp\u00e9riences respectives et les cas d\u2019usage v\u00e9cus dans des cas r\u00e9els.<\/p>\n\n\n\n<div class=\"wp-block-buttons has-margin-none is-layout-flex wp-block-buttons-is-layout-flex\">\n<div class=\"wp-block-button is-style-outline has-margin-right-base is-style-outline--1\"><a class=\"wp-block-button__link wp-element-button\" href=\"https:\/\/e-clid.io\/index.php\/fonctionnalites\/\">Les fonctionnalit\u00e9s<\/a><\/div>\n\n\n\n<div class=\"wp-block-button is-style-gradient\"><a class=\"wp-block-button__link wp-element-button\" href=\"https:\/\/cal.com\/e-clid\" target=\"_blank\" rel=\"noreferrer noopener\">Demander une DEMO<\/a><\/div>\n<\/div>\n<\/div>\n\n\n\n<div class=\"wp-block-column is-banner-fonctionnalite-image is-layout-flow wp-block-column-is-layout-flow\">\n<figure class=\"wp-block-embed is-type-video is-provider-youtube wp-block-embed-youtube\"><div class=\"wp-block-embed__wrapper\">\n<iframe loading=\"lazy\" title=\"E-Clid outil de fiabilisation de la donn\u00e9e comptable\" width=\"500\" height=\"281\" src=\"https:\/\/www.youtube.com\/embed\/WE5-eJdkdsk?feature=oembed\" frameborder=\"0\" allow=\"accelerometer; autoplay; clipboard-write; encrypted-media; gyroscope; picture-in-picture; web-share\" referrerpolicy=\"strict-origin-when-cross-origin\" allowfullscreen><\/iframe>\n<\/div><\/figure>\n<\/div>\n<\/div>\n<\/div>\n\n\n\n<div style=\"height:100px\" aria-hidden=\"true\" class=\"wp-block-spacer is-style-spacer-xl\"><\/div>\n\n\n\n<div class=\"wp-block-group alignfull has-background-background-color has-background has-global-padding is-layout-constrained wp-container-core-group-is-layout-020e0ace wp-block-group-is-layout-constrained\" style=\"padding-top:var(--wp--preset--spacing--60);padding-right:var(--wp--preset--spacing--40);padding-bottom:var(--wp--preset--spacing--60);padding-left:var(--wp--preset--spacing--40)\">\n<div class=\"wp-block-columns alignwide are-vertically-aligned-center has-gap-full is-layout-flex wp-container-core-columns-is-layout-28f84493 wp-block-columns-is-layout-flex\">\n<div class=\"wp-block-column is-vertically-aligned-center is-text-image-left-figure is-layout-flow wp-block-column-is-layout-flow\">\n<figure class=\"wp-block-image aligncenter size-full is-resized has-custom-border has-shadow-left-theme image-square is-style-default\"><img loading=\"lazy\" decoding=\"async\" width=\"400\" height=\"400\" src=\"https:\/\/e-clid.io\/wp-content\/uploads\/2025\/05\/Philippe_WALLET.png\" alt=\"\" class=\"wp-image-186\" style=\"border-radius:20px;width:400px\" srcset=\"https:\/\/e-clid.io\/wp-content\/uploads\/2025\/05\/Philippe_WALLET.png 400w, https:\/\/e-clid.io\/wp-content\/uploads\/2025\/05\/Philippe_WALLET-300x300.png 300w, https:\/\/e-clid.io\/wp-content\/uploads\/2025\/05\/Philippe_WALLET-150x150.png 150w\" sizes=\"auto, (max-width: 400px) 100vw, 400px\" \/><\/figure>\n<\/div>\n\n\n\n<div class=\"wp-block-column is-vertically-aligned-center is-flex-container is-flex-column has-gap-s is-text-image-left-text is-layout-flow wp-block-column-is-layout-flow\">\n<div class=\"wp-block-group is-layout-flow wp-block-group-is-layout-flow\">\n<p class=\"is-text-gradient is-title-bloc-2\"><strong><strong><strong>Philippe Wallet<\/strong><\/strong><\/strong><\/p>\n\n\n\n<h2 class=\"wp-block-heading is-title-2 has-margin-top-s\" style=\"font-style:normal;font-weight:600\"><strong><strong>CEO &amp; Founder<\/strong><\/strong><\/h2>\n\n\n\n<p>Je b\u00e9n\u00e9ficie d\u2019une exp\u00e9rience de 25 ann\u00e9es en audit, direction financi\u00e8re et direction g\u00e9n\u00e9rale de PME internationales, suivie de 7 ann\u00e9es dans les fonctions de daf externalis\u00e9. Mes missions, telles que la mise en \u0153uvre d\u2019outils d\u2019analyse de donn\u00e9es, le retournement d\u2019activit\u00e9, l\u2019accompagnement des dirigeants dans des op\u00e9rations de haut de bilan ont confirm\u00e9 l\u2019importance du pilotage permanent des activit\u00e9s gr\u00e2ce \u00e0 la donn\u00e9e comptable.<\/p>\n<\/div>\n\n\n\n<div class=\"wp-block-buttons is-layout-flex wp-block-buttons-is-layout-flex\">\n<div class=\"wp-block-button is-style-outline is-style-outline--2\"><a class=\"wp-block-button__link has-theme-500-background-color has-background wp-element-button\" href=\"https:\/\/www.linkedin.com\/in\/philippe-wallet-7863b114a\/\" target=\"_blank\" rel=\"noreferrer noopener\">LinkedIn<\/a><\/div>\n\n\n\n<div class=\"wp-block-button is-style-outline is-style-outline--3\"><a class=\"wp-block-button__link wp-element-button\" href=\"https:\/\/e-clid.io\/index.php\/contact\/\">Nous contacter<\/a><\/div>\n<\/div>\n<\/div>\n<\/div>\n<\/div>\n\n\n\n<div style=\"height:100px\" aria-hidden=\"true\" class=\"wp-block-spacer is-style-spacer-xl\"><\/div>\n\n\n\n<div class=\"wp-block-group alignfull has-background-background-color has-background has-global-padding is-layout-constrained wp-container-core-group-is-layout-020e0ace wp-block-group-is-layout-constrained\" style=\"padding-top:var(--wp--preset--spacing--60);padding-right:var(--wp--preset--spacing--40);padding-bottom:var(--wp--preset--spacing--60);padding-left:var(--wp--preset--spacing--40)\">\n<div class=\"wp-block-columns alignwide are-vertically-aligned-center has-gap-full is-layout-flex wp-container-core-columns-is-layout-28f84493 wp-block-columns-is-layout-flex\">\n<div class=\"wp-block-column is-vertically-aligned-center is-flex-container is-flex-column has-gap-s is-text-image-right-text is-layout-flow wp-block-column-is-layout-flow\">\n<div class=\"wp-block-group is-layout-flow wp-block-group-is-layout-flow\">\n<p><span class=\"is-text-gradient is-title-bloc-2\"><strong>Sophie F\u00e9lix<\/strong><\/span><\/p>\n\n\n\n<h2 class=\"wp-block-heading is-title-2 has-margin-top-s\" style=\"font-style:normal;font-weight:600\"><strong>Co-Founder<\/strong><\/h2>\n<\/div>\n\n\n\n<p><br>Contr\u00f4leuse de gestion depuis plus de 25 ans, j\u2019ai d\u00e9marr\u00e9 mon aventure professionnelle en tant que&nbsp;salari\u00e9e dans des ETI et des grands groupes de distribution.<br>10 ann\u00e9es d\u2019accompagnement de PME dans une fonction de contr\u00f4leuse de gestion externalis\u00e9e m\u2019ont permis de compl\u00e9ter mes connaissances sur de nouveaux secteurs d\u2019activit\u00e9 et de nouvelles probl\u00e9matiques, notamment dans des contextes de manque de personnel et d\u2019absence de proc\u00e9dures et de contr\u00f4les.<\/p>\n\n\n\n<div class=\"wp-block-buttons is-layout-flex wp-block-buttons-is-layout-flex\">\n<div class=\"wp-block-button is-style-outline is-style-outline--4\"><a class=\"wp-block-button__link wp-element-button\" href=\"https:\/\/www.linkedin.com\/in\/sophiefelix\/\" target=\"_blank\" rel=\"noreferrer noopener\">LinkedIn<\/a><\/div>\n\n\n\n<div class=\"wp-block-button is-style-outline is-style-outline--5\"><a class=\"wp-block-button__link wp-element-button\" href=\"https:\/\/e-clid.io\/index.php\/contact\/\">Nous contacter<\/a><\/div>\n<\/div>\n<\/div>\n\n\n\n<div class=\"wp-block-column is-vertically-aligned-center is-text-image-right-figure is-layout-flow wp-block-column-is-layout-flow\">\n<figure class=\"wp-block-image aligncenter size-full is-resized has-custom-border has-shadow-right-theme image-square\"><img loading=\"lazy\" decoding=\"async\" width=\"400\" height=\"400\" src=\"https:\/\/e-clid.io\/wp-content\/uploads\/2025\/05\/Sophie_FELIX.png\" alt=\"\" class=\"wp-image-187\" style=\"border-radius:20px;width:400px\" srcset=\"https:\/\/e-clid.io\/wp-content\/uploads\/2025\/05\/Sophie_FELIX.png 400w, https:\/\/e-clid.io\/wp-content\/uploads\/2025\/05\/Sophie_FELIX-300x300.png 300w, https:\/\/e-clid.io\/wp-content\/uploads\/2025\/05\/Sophie_FELIX-150x150.png 150w\" sizes=\"auto, (max-width: 400px) 100vw, 400px\" \/><\/figure>\n<\/div>\n<\/div>\n<\/div>\n\n\n\n<div class=\"wp-block-group alignfull has-background-background-color has-background has-global-padding is-layout-constrained wp-container-core-group-is-layout-020e0ace wp-block-group-is-layout-constrained\" style=\"padding-top:var(--wp--preset--spacing--60);padding-right:var(--wp--preset--spacing--40);padding-bottom:var(--wp--preset--spacing--60);padding-left:var(--wp--preset--spacing--40)\">\n<div class=\"wp-block-columns alignwide are-vertically-aligned-center has-gap-full is-layout-flex wp-container-core-columns-is-layout-28f84493 wp-block-columns-is-layout-flex\">\n<div class=\"wp-block-column is-vertically-aligned-center is-text-image-left-figure is-layout-flow wp-block-column-is-layout-flow\">\n<figure class=\"wp-block-image aligncenter size-full is-resized has-custom-border has-shadow-left-theme image-square is-style-default\"><img loading=\"lazy\" decoding=\"async\" width=\"725\" height=\"815\" src=\"https:\/\/e-clid.io\/wp-content\/uploads\/2025\/06\/Thibault-Barolat.png\" alt=\"\" class=\"wp-image-302\" style=\"border-radius:20px;width:400px\" srcset=\"https:\/\/e-clid.io\/wp-content\/uploads\/2025\/06\/Thibault-Barolat.png 725w, https:\/\/e-clid.io\/wp-content\/uploads\/2025\/06\/Thibault-Barolat-267x300.png 267w\" sizes=\"auto, (max-width: 725px) 100vw, 725px\" \/><\/figure>\n<\/div>\n\n\n\n<div class=\"wp-block-column is-vertically-aligned-center is-flex-container is-flex-column has-gap-s is-text-image-left-text is-layout-flow wp-block-column-is-layout-flow\">\n<div class=\"wp-block-group is-layout-flow wp-block-group-is-layout-flow\">\n<p class=\"is-text-gradient is-title-bloc-2\"><strong><strong><strong><strong>Thibault Barolat<\/strong><\/strong><\/strong><\/strong><\/p>\n\n\n\n<h2 class=\"wp-block-heading is-title-2 has-margin-top-s\" style=\"font-style:normal;font-weight:600\"><strong><strong><strong>CTO<\/strong><\/strong><\/strong><\/h2>\n\n\n\n<p>J&rsquo;ai exerc\u00e9 au sein du cabinet EY pendant 5 ans sur l&rsquo;audit financier de clients grands comptes (CAC40). Puis j&rsquo;ai rejoint l&rsquo;\u00e9quipe innovation digitale du cabinet, o\u00f9 j&rsquo;ai pris la direction de d\u00e9veloppement d&rsquo;outils innovants pour l&rsquo;audit financier et extra-financier \u00e0 l&rsquo;\u00e9chelle mondiale durant 3 ans.<br>En parall\u00e8le, je d\u00e9veloppe et commercialise des outils SaaS depuis 12 ans en tant qu&rsquo;ind\u00e9pendant.<\/p>\n<\/div>\n\n\n\n<div class=\"wp-block-buttons is-layout-flex wp-block-buttons-is-layout-flex\">\n<div class=\"wp-block-button is-style-outline is-style-outline--6\"><a class=\"wp-block-button__link has-theme-500-background-color has-background wp-element-button\" href=\"https:\/\/www.linkedin.com\/in\/thibault-barolat\" target=\"_blank\" rel=\"noreferrer noopener\">LinkedIn<\/a><\/div>\n\n\n\n<div class=\"wp-block-button is-style-outline is-style-outline--7\"><a class=\"wp-block-button__link wp-element-button\" href=\"https:\/\/e-clid.io\/index.php\/contact\/\">Nous contacter<\/a><\/div>\n<\/div>\n<\/div>\n<\/div>\n<\/div>\n\n\n\n<div style=\"height:100px\" aria-hidden=\"true\" class=\"wp-block-spacer is-style-spacer-xl\"><\/div>\n","protected":false},"excerpt":{"rendered":"<p>L&rsquo;\u00e9quipe E-clid Nous sommes des professionnels du chiffre cumulant 60 ann\u00e9es d\u2019exp\u00e9rience. Nous avons imagin\u00e9 et cr\u00e9\u00e9 E-Clid en nous appuyant sur nos exp\u00e9riences respectives et les cas d\u2019usage v\u00e9cus dans des cas r\u00e9els. Philippe Wallet CEO &amp; Founder Je b\u00e9n\u00e9ficie d\u2019une exp\u00e9rience de 25 ann\u00e9es en audit, direction financi\u00e8re et direction g\u00e9n\u00e9rale de PME [&hellip;]<\/p>\n","protected":false},"author":1,"featured_media":0,"parent":0,"menu_order":0,"comment_status":"closed","ping_status":"closed","template":"","meta":{"inline_featured_image":false,"footnotes":""},"folder":[],"class_list":["post-54","page","type-page","status-publish","hentry"],"yoast_head":"<!-- This site is optimized with the Yoast SEO plugin v27.5 - https:\/\/yoast.com\/product\/yoast-seo-wordpress\/ -->\n<title>Pr\u00e9sentation | E-Clid<\/title>\n<meta name=\"description\" content=\"Nous sommes des professionnels du chiffre cumulant 60 ann\u00e9es d\u2019exp\u00e9rience. Nous avons imagin\u00e9 et cr\u00e9\u00e9 E-Clid en nous appuyant sur nos exp\u00e9riences respectives et les cas d\u2019usage v\u00e9cus dans des cas r\u00e9els.\" \/>\n<meta name=\"robots\" content=\"index, follow, max-snippet:-1, max-image-preview:large, max-video-preview:-1\" \/>\n<link rel=\"canonical\" href=\"https:\/\/e-clid.io\/index.php\/a-propos\/\" \/>\n<meta property=\"og:locale\" content=\"fr_FR\" \/>\n<meta property=\"og:type\" content=\"article\" \/>\n<meta property=\"og:title\" content=\"Pr\u00e9sentation | E-Clid\" \/>\n<meta property=\"og:description\" content=\"Nous sommes des professionnels du chiffre cumulant 60 ann\u00e9es d\u2019exp\u00e9rience. Nous avons imagin\u00e9 et cr\u00e9\u00e9 E-Clid en nous appuyant sur nos exp\u00e9riences respectives et les cas d\u2019usage v\u00e9cus dans des cas r\u00e9els.\" \/>\n<meta property=\"og:url\" content=\"https:\/\/e-clid.io\/index.php\/a-propos\/\" \/>\n<meta property=\"og:site_name\" content=\"E-Clid\" \/>\n<meta property=\"article:modified_time\" content=\"2026-01-13T08:56:55+00:00\" \/>\n<meta property=\"og:image\" content=\"https:\/\/e-clid.io\/wp-content\/uploads\/2025\/05\/Philippe_WALLET.png\" \/>\n\t<meta property=\"og:image:width\" content=\"400\" \/>\n\t<meta property=\"og:image:height\" content=\"400\" \/>\n\t<meta property=\"og:image:type\" content=\"image\/png\" \/>\n<meta name=\"twitter:card\" content=\"summary_large_image\" \/>\n<meta name=\"twitter:label1\" content=\"Dur\u00e9e de lecture estim\u00e9e\" \/>\n\t<meta name=\"twitter:data1\" content=\"4 minutes\" \/>\n<script type=\"application\/ld+json\" class=\"yoast-schema-graph\">{\"@context\":\"https:\\\/\\\/schema.org\",\"@graph\":[{\"@type\":\"WebPage\",\"@id\":\"https:\\\/\\\/e-clid.io\\\/index.php\\\/a-propos\\\/\",\"url\":\"https:\\\/\\\/e-clid.io\\\/index.php\\\/a-propos\\\/\",\"name\":\"Pr\u00e9sentation | E-Clid\",\"isPartOf\":{\"@id\":\"https:\\\/\\\/e-clid.io\\\/#website\"},\"primaryImageOfPage\":{\"@id\":\"https:\\\/\\\/e-clid.io\\\/index.php\\\/a-propos\\\/#primaryimage\"},\"image\":{\"@id\":\"https:\\\/\\\/e-clid.io\\\/index.php\\\/a-propos\\\/#primaryimage\"},\"thumbnailUrl\":\"https:\\\/\\\/e-clid.io\\\/wp-content\\\/uploads\\\/2025\\\/05\\\/Philippe_WALLET.png\",\"datePublished\":\"2025-05-21T14:03:32+00:00\",\"dateModified\":\"2026-01-13T08:56:55+00:00\",\"description\":\"Nous sommes des professionnels du chiffre cumulant 60 ann\u00e9es d\u2019exp\u00e9rience. Nous avons imagin\u00e9 et cr\u00e9\u00e9 E-Clid en nous appuyant sur nos exp\u00e9riences respectives et les cas d\u2019usage v\u00e9cus dans des cas r\u00e9els.\",\"breadcrumb\":{\"@id\":\"https:\\\/\\\/e-clid.io\\\/index.php\\\/a-propos\\\/#breadcrumb\"},\"inLanguage\":\"fr-FR\",\"potentialAction\":[{\"@type\":\"ReadAction\",\"target\":[\"https:\\\/\\\/e-clid.io\\\/index.php\\\/a-propos\\\/\"]}]},{\"@type\":\"ImageObject\",\"inLanguage\":\"fr-FR\",\"@id\":\"https:\\\/\\\/e-clid.io\\\/index.php\\\/a-propos\\\/#primaryimage\",\"url\":\"https:\\\/\\\/e-clid.io\\\/wp-content\\\/uploads\\\/2025\\\/05\\\/Philippe_WALLET.png\",\"contentUrl\":\"https:\\\/\\\/e-clid.io\\\/wp-content\\\/uploads\\\/2025\\\/05\\\/Philippe_WALLET.png\",\"width\":400,\"height\":400},{\"@type\":\"BreadcrumbList\",\"@id\":\"https:\\\/\\\/e-clid.io\\\/index.php\\\/a-propos\\\/#breadcrumb\",\"itemListElement\":[{\"@type\":\"ListItem\",\"position\":1,\"name\":\"Accueil\",\"item\":\"https:\\\/\\\/e-clid.io\\\/\"},{\"@type\":\"ListItem\",\"position\":2,\"name\":\"L&rsquo;\u00e9quipe\"}]},{\"@type\":\"WebSite\",\"@id\":\"https:\\\/\\\/e-clid.io\\\/#website\",\"url\":\"https:\\\/\\\/e-clid.io\\\/\",\"name\":\"E-Clid\",\"description\":\"L\u2019automatisation des contr\u00f4les des donn\u00e9es comptables au sein d\u2019un m\u00eame logiciel.\",\"alternateName\":\"E-Clid, Acc\u00e9l\u00e9rateur de cl\u00f4ture !\",\"potentialAction\":[{\"@type\":\"SearchAction\",\"target\":{\"@type\":\"EntryPoint\",\"urlTemplate\":\"https:\\\/\\\/e-clid.io\\\/?s={search_term_string}\"},\"query-input\":{\"@type\":\"PropertyValueSpecification\",\"valueRequired\":true,\"valueName\":\"search_term_string\"}}],\"inLanguage\":\"fr-FR\"}]}<\/script>\n<!-- \/ Yoast SEO plugin. -->","yoast_head_json":{"title":"Pr\u00e9sentation | E-Clid","description":"Nous sommes des professionnels du chiffre cumulant 60 ann\u00e9es d\u2019exp\u00e9rience. Nous avons imagin\u00e9 et cr\u00e9\u00e9 E-Clid en nous appuyant sur nos exp\u00e9riences respectives et les cas d\u2019usage v\u00e9cus dans des cas r\u00e9els.","robots":{"index":"index","follow":"follow","max-snippet":"max-snippet:-1","max-image-preview":"max-image-preview:large","max-video-preview":"max-video-preview:-1"},"canonical":"https:\/\/e-clid.io\/index.php\/a-propos\/","og_locale":"fr_FR","og_type":"article","og_title":"Pr\u00e9sentation | E-Clid","og_description":"Nous sommes des professionnels du chiffre cumulant 60 ann\u00e9es d\u2019exp\u00e9rience. Nous avons imagin\u00e9 et cr\u00e9\u00e9 E-Clid en nous appuyant sur nos exp\u00e9riences respectives et les cas d\u2019usage v\u00e9cus dans des cas r\u00e9els.","og_url":"https:\/\/e-clid.io\/index.php\/a-propos\/","og_site_name":"E-Clid","article_modified_time":"2026-01-13T08:56:55+00:00","og_image":[{"width":400,"height":400,"url":"https:\/\/e-clid.io\/wp-content\/uploads\/2025\/05\/Philippe_WALLET.png","type":"image\/png"}],"twitter_card":"summary_large_image","twitter_misc":{"Dur\u00e9e de lecture estim\u00e9e":"4 minutes"},"schema":{"@context":"https:\/\/schema.org","@graph":[{"@type":"WebPage","@id":"https:\/\/e-clid.io\/index.php\/a-propos\/","url":"https:\/\/e-clid.io\/index.php\/a-propos\/","name":"Pr\u00e9sentation | E-Clid","isPartOf":{"@id":"https:\/\/e-clid.io\/#website"},"primaryImageOfPage":{"@id":"https:\/\/e-clid.io\/index.php\/a-propos\/#primaryimage"},"image":{"@id":"https:\/\/e-clid.io\/index.php\/a-propos\/#primaryimage"},"thumbnailUrl":"https:\/\/e-clid.io\/wp-content\/uploads\/2025\/05\/Philippe_WALLET.png","datePublished":"2025-05-21T14:03:32+00:00","dateModified":"2026-01-13T08:56:55+00:00","description":"Nous sommes des professionnels du chiffre cumulant 60 ann\u00e9es d\u2019exp\u00e9rience. Nous avons imagin\u00e9 et cr\u00e9\u00e9 E-Clid en nous appuyant sur nos exp\u00e9riences respectives et les cas d\u2019usage v\u00e9cus dans des cas r\u00e9els.","breadcrumb":{"@id":"https:\/\/e-clid.io\/index.php\/a-propos\/#breadcrumb"},"inLanguage":"fr-FR","potentialAction":[{"@type":"ReadAction","target":["https:\/\/e-clid.io\/index.php\/a-propos\/"]}]},{"@type":"ImageObject","inLanguage":"fr-FR","@id":"https:\/\/e-clid.io\/index.php\/a-propos\/#primaryimage","url":"https:\/\/e-clid.io\/wp-content\/uploads\/2025\/05\/Philippe_WALLET.png","contentUrl":"https:\/\/e-clid.io\/wp-content\/uploads\/2025\/05\/Philippe_WALLET.png","width":400,"height":400},{"@type":"BreadcrumbList","@id":"https:\/\/e-clid.io\/index.php\/a-propos\/#breadcrumb","itemListElement":[{"@type":"ListItem","position":1,"name":"Accueil","item":"https:\/\/e-clid.io\/"},{"@type":"ListItem","position":2,"name":"L&rsquo;\u00e9quipe"}]},{"@type":"WebSite","@id":"https:\/\/e-clid.io\/#website","url":"https:\/\/e-clid.io\/","name":"E-Clid","description":"L\u2019automatisation des contr\u00f4les des donn\u00e9es comptables au sein d\u2019un m\u00eame logiciel.","alternateName":"E-Clid, Acc\u00e9l\u00e9rateur de cl\u00f4ture !","potentialAction":[{"@type":"SearchAction","target":{"@type":"EntryPoint","urlTemplate":"https:\/\/e-clid.io\/?s={search_term_string}"},"query-input":{"@type":"PropertyValueSpecification","valueRequired":true,"valueName":"search_term_string"}}],"inLanguage":"fr-FR"}]}},"_links":{"self":[{"href":"https:\/\/e-clid.io\/index.php\/wp-json\/wp\/v2\/pages\/54","targetHints":{"allow":["GET"]}}],"collection":[{"href":"https:\/\/e-clid.io\/index.php\/wp-json\/wp\/v2\/pages"}],"about":[{"href":"https:\/\/e-clid.io\/index.php\/wp-json\/wp\/v2\/types\/page"}],"author":[{"embeddable":true,"href":"https:\/\/e-clid.io\/index.php\/wp-json\/wp\/v2\/users\/1"}],"replies":[{"embeddable":true,"href":"https:\/\/e-clid.io\/index.php\/wp-json\/wp\/v2\/comments?post=54"}],"version-history":[{"count":20,"href":"https:\/\/e-clid.io\/index.php\/wp-json\/wp\/v2\/pages\/54\/revisions"}],"predecessor-version":[{"id":873,"href":"https:\/\/e-clid.io\/index.php\/wp-json\/wp\/v2\/pages\/54\/revisions\/873"}],"wp:attachment":[{"href":"https:\/\/e-clid.io\/index.php\/wp-json\/wp\/v2\/media?parent=54"}],"wp:term":[{"taxonomy":"folder","embeddable":true,"href":"https:\/\/e-clid.io\/index.php\/wp-json\/wp\/v2\/folder?post=54"}],"curies":[{"name":"wp","href":"https:\/\/api.w.org\/{rel}","templated":true}]}}